-3*q - t*z. Suppose -5*c + 41 + 4 = 0. Calculate the greatest common divisor of c and q.
9
Suppose 3*g + 2*g + 40 = 0. Let y be 3/((-9)/g)*24. Let l = y + -44. Calculate the highest common divisor of l and 50.
10
Let t = 9 - 1. Let l be 80/2*40/50. Calculate the greatest common factor of t and l.
8
Let g(f) be the first derivative of -f**4/2 - f**3 - f**2/2 + f - 6. Let a be g(-2). Calculate the greatest common factor of 1 and a.
1
Suppose -l + 4 + 16 = 0. Let y be ((-14)/(-21))/((-2)/(-24)). What is the greatest common factor of y and l?
4
Let f(o) = -2*o. Let a be f(-5). Let y be 4/(-6)*(-6)/1. Suppose -a = 3*n - y*n. What is the greatest common factor of n and 30?
10
Let r be (0 - -30)/(5/(-100)*-3). Calculate the highest common factor of 40 and r.
40
Let h = 493 - 333. Calculate the highest common divisor of 32 and h.
32
Suppose 11 = 4*z - 25. What is the highest common divisor of 36 and z?
9
Suppose 2*z + 56 = 4*u - 2*z, -4*z = u - 19. What is the highest common divisor of u and 105?
15
Suppose 4*n - 210 = -n. Let g = 27 + -11. Let w = -10 + g. What is the greatest common divisor of n and w?
6
Let z = -35 - -47. What is the greatest common factor of z and 96?
12
Let l be 22*1/2 + 2. Let t be -3 + (-1 - -2)*16. What is the greatest common divisor of t and l?
13
Let w be (-90)/(-27)*792/10. Calculate the greatest common factor of w and 33.
33
Suppose -x - 2 = 0, -x = v + 2 - 3. Calculate the highest common divisor of 3 and v.
3
Suppose 60 = l + 3*l. Let i be l/(-10) - 35/(-2). What is the highest common factor of 112 and i?
16
Suppose 3*p = 7*p - 8. Suppose p*w = -w + 9. Let g be 3/(w/1)*12. Calculate the greatest common factor of g and 96.
12
Let j be 2/(-7) - (-16)/56. Suppose -2*z + j*z = 6. Let y(n) = n**3 + 4*n**2 + 3*n + 2. Let f be y(z). What is the highest common divisor of 2 and f?
2
Let h(b) = 10*b - 4. Let w be h(2). Let n(x) = -12*x + 8. Let u be n(-6). What is the greatest common factor of w and u?
16
Let x = 13 - 9. Calculate the greatest common factor of x and 44.
4
Suppose 0*y + i = -3*y + 12, 5*y - 2*i = 9. Let q = -8 - -12. Suppose 0 = q*o + 5*s - 18 - 44, y*o - 43 = -2*s. Calculate the highest common factor of o and 39.
13
Suppose -297 - 623 = 4*p. Let m = -164 - p. Calculate the greatest common divisor of m and 6.
6
Let o = 34 - -4. Let a be -1*1*(-21 - -2). Calculate the highest common factor of o and a.
19
Suppose 1 = 3*i - 2. Suppose 4*j - 2 = 2*j. Calculate the greatest common factor of i and j.
1
Suppose 8*k + 3*k - 638 = 0. Suppose -174 = -0*t - 2*t. Calculate the highest common divisor of t and k.
29
Let t(o) = -9*o + 3. Let p be 37/(-7) + 10/35. Let w be t(p). Calculate the highest common factor of w and 12.
12
Let d be ((-3)/9)/((-3)/153). Calculate the greatest common factor of 136 and d.
17
Let x be 1*15*(-6)/(-15). Let j = -2 - -32. Calculate the greatest common factor of x and j.
6
Suppose 2*z + q - 401 = 2*q, 2*z - 402 = 2*q. What is the greatest common divisor of z and 25?
25
Suppose 3*d - 270 = -2*d. Calculate the highest common factor of d and 18.
18
Let n be (-180)/(-16)*(-16)/(-12). Suppose x + 8*f - 4*f = 1, 3*x = f + 16. What is the highest common factor of x and n?
5
Let t(r) = -r**3 - 3*r**2 - 2*r - 4. Let n be t(-3). Suppose -n*b + 4*b - 102 = 0. What is the highest common divisor of 34 and b?
17
Let k(v) = 21*v**3 - v**2 - v + 1. Let d be k(1). Calculate the greatest common divisor of 100 and d.
20
Let o(r) be the second derivative of -29*r**3/6 - 3*r**2/2 + 3*r. Let t be o(-2). Calculate the highest common divisor of 22 and t.
11
Suppose 0 = 4*f - 2*f - 60. What is the greatest common divisor of 10 and f?
10
Suppose -2 - 76 = 2*t. Let d = t - -57. Calculate the highest common divisor of 27 and d.
9
Let b be 3/((-1 - 4)/(-15)). Calculate the highest common divisor of b and 72.
9
Suppose 65 = -4*z + 709. Let o be (-4)/(-14) + 1564/z. Let h(r) = 6*r**2 - r. Let m be h(1). Calculate the greatest common factor of m and o.
5
Suppose -18*s - 396 = -22*s. Calculate the greatest common factor of s and 66.
33
Let k be 0 - (0 + 4/(-2)). Suppose -2*l - k - 2 = 0. Let z be 2 - (l + 1 + -15). What is the highest common divisor of 45 and z?
9
Suppose 0*h + 181 = 3*v - 4*h, -v + 2*h = -63. What is the highest common divisor of 22 and v?
11
Let h(n) be the first derivative of -n**3/3 + 4*n**2 + 2*n - 2. Let y be h(4). Calculate the greatest common factor of 45 and y.
9
Let f(w) = -w**3 + 17*w**2 - 16*w + 12. Suppose -26 = -2*r + 2*s, 7*r - 2*r - 3*s = 71. Let a be f(r). Calculate the greatest common factor of a and 12.
12
Let k(n) = 2*n**2 + n + 3. Let d = -2 - -4. Let q be k(d). Calculate the highest common divisor of 65 and q.
13
Suppose -2*k + 210 = 4*k. What is the highest common divisor of k and 35?
35
Let w(j) = -j**3 + 6*j**2 - 2*j - 3. Suppose -21 = -5*g - d, -g = -3*g + 4*d + 26. Let z be w(g). Calculate the highest common factor of z and 12.
12
Let p(a) = 11*a**3 - 2*a + 3. Let d be p(1). Let c be 1 + 1 + -3 + 9. Suppose 5*v = 4*v + c. Calculate the greatest common divisor of v and d.
4
Let t be (-854)/(-35) - 4/10. Calculate the greatest common factor of t and 96.
24
Suppose -5*x + 10*x = 35. Let s be (-1)/((-3)/(-7))*-15. What is the greatest common factor of x and s?
7
Suppose -16*a = -19*a + 114. Suppose 4*s - 10 = a. What is the highest common factor of s and 96?
12
Let p be (-58)/(-1) + -1*2. Calculate the greatest common divisor of 84 and p.
28
Let g(c) = -c + 16. Let t be g(4). Suppose 2*j = -2*i + 64, 3 - 1 = j. What is the greatest common factor of t and i?
6
Let x be (10/4)/(-5)*-2. Let h(p) = 4*p**2 - 3*p. Let j be h(2). Let r = j - x. What is the greatest common divisor of 18 and r?
9
Let c = -32 + 102. What is the greatest common factor of c and 10?
10
Let u be 9/3 + 19 + 3. Calculate the highest common factor of u and 225.
25
Suppose 6*t - 205 = 119. Calculate the greatest common divisor of t and 126.
18
Let w(n) = n**2 - 11*n + 7. Let u be w(-10). What is the highest common factor of u and 31?
31
Let s be 3/(((-27)/(-24))/9). Calculate the highest common divisor of s and 16.
8
Suppose o + 5*i = -1, 6*o + 4*i - 79 = o. Calculate the greatest common divisor of o and 95.
19
Suppose 0 = -4*v - 2 + 14. Let g be -2 + v/3 - -11. What is the greatest common factor of g and 40?
10
Let i = -89 - -161. Calculate the highest common divisor of i and 9.
9
Let a(u) = u**3 + 5*u**2 - 5*u. Let b be a(-6). Let x = -4 - b. Let y be 960/8 + x + -1. Calculate the highest common divisor of y and 11.
11
Let w be 2/(-5) + (-244)/(-10). Let p(z) = z**3 + 2*z**2 - z + 2. Let c = -3 + 5. Let s be p(c). Calculate the highest common factor of w and s.
8
Suppose 2*o + 23 = -3*p - 0*p, -5*p - 50 = o. Let s = 26 + p. Let h be 2/4*4 + 1. What is the greatest common divisor of h and s?
3
Let f(a) be the third derivative of -a**4/24 + a**3/6 - a**2. Let g be (0 - -1) + 2 + -4. Let m be f(g). Calculate the highest common divisor of m and 4.
2
Suppose 18 = 2*h + 2. Let a be 102/(-4)*h/(-12). Let n be ((-34)/(-4))/((-2)/(-44)). What is the greatest common divisor of a and n?
17
Let q be (-1)/2 - (-1240)/16. Let c be 14/6 - 3/9. Suppose w = c*v + 11, -6*v + 3*v = 2*w - 22. Calculate the highest common divisor of q and w.
11
Let z(t) = -4*t**2 + t - 2. Let u be z(2). Let g = 28 + u. Calculate the highest common divisor of 8 and g.
4
Let g = -2 - -38. Suppose -2*r + r = -g. Let t(l) = l**3 + 9*l**2 + 8*l + 9. Let d be t(-8). Calculate the greatest common divisor of d and r.
9
Suppose -6*q - 28 = -10*q. Calculate the highest common divisor of q and 112.
7
Let j be (3/(-2))/((-3)/(-52)). Let b = j - 3. Let i be -1 - (b + (2 - 1)). What is the highest common factor of 3 and i?
3
Let u(f) = f**2 - 21*f + 8. Let r be u(21). Let x = -11 - -19. Calculate the greatest common divisor of r and x.
8
Let v be (-84)/36*(1 - 61). Suppose -56 = -t - 3*t. What is the highest common divisor of t and v?
14
Suppose 11*q - 12*q + 26 = 0. What is the greatest common divisor of 78 and q?
26
Let m be ((-4)/2)/(1/(-5)). Suppose -5*q - m = -3*r, r + 8*q - 9 = 4*q. What is the greatest common divisor of 40 and r?
5
Let t be (11 + -9)*(-2)/4. Let m(h) = -15*h**3. Let a be m(t). Calculate the highest common divisor of 3 and a.
3
Let v(f) = f**2 + 3*